15*p - l = -21*p. What is the units digit of p?
2
Let w be 7/((-189)/(-12)) - 115/(-45). Suppose 325 = -w*k + 2128. What is the hundreds digit of k?
6
Let p(b) be the second derivative of -b**4/24 - b**3 + 2*b**2 + 11*b. Let h(w) be the first derivative of p(w). What is the tens digit of h(-18)?
1
What is the units digit of (-32)/40*7310200/(-80)?
2
Let d(h) = -8*h - 7. Let o be d(-2). Suppose -4*n + n + o = 0. Suppose n*f - 254 + 2 = 0. What is the tens digit of f?
8
Let d(f) = -6*f**2 + f + 38. Let c be d(-7). Let l = c + 482. What is the units digit of l?
9
What is the tens digit of 42866 + -4 - (-6 + -14)?
8
Let g = -63 - -64. Suppose 0 = -2*s - q - g, -4*s + 3*s = -3*q + 4. What is the tens digit of s/(-1)*52 - -4?
5
Suppose -5*t - 7*d + 4*d - 2 = 0, t - 3*d + 4 = 0. Let k(v) = -v + 6. Let w be k(7). What is the units digit of (w + t/(-2))/((-4)/136)?
7
Suppose -2 = s - 2*h, 2 = -3*s + 7*s - 3*h. What is the tens digit of 1324/s*(45/(-6) - -8)?
3
Let a(o) = -3*o**2 + 13*o - 21. Let n be a(3). What is the tens digit of (16/10)/(n/11700*-8)?
6
Suppose -13*y + 5*y = 0. Suppose 29*k + 14*k - 13760 = y. What is the tens digit of k?
2
Let a(o) = 0*o**3 + 7*o + 8 - 6*o - 10*o**2 + 3*o**3. What is the tens digit of a(5)?
3
Let b = 9526 + -431. What is the tens digit of b?
9
Suppose 78*y + 5*y - 141266 = 0. What is the thousands digit of y?
1
Suppose -q = -5*r - 1634, 5*r + 1636 = -14*q + 13*q. Let f be (-2852)/(-6) + 1/(-3). Let z = r + f. What is the tens digit of z?
4
Let k(v) = -7*v**3 - 22*v**2 - 25*v - 49. Let z(o) = -13*o**3 - 45*o**2 - 52*o - 98. Let w(c) = -11*k(c) + 6*z(c). What is the units digit of w(-27)?
1
Suppose 106 = 9*s - 281. Let n = 49 - s. What is the units digit of (4 - n - -1)*-7?
7
Let d = 4116 - -14092. What is the thousands digit of d?
8
Suppose -5*s = 4*w + 836 + 2517, 0 = 5*w - 15. Let n = s + 870. What is the tens digit of n?
9
Let x = 165511 + -113245. What is the units digit of x?
6
Suppose 2*a + 4*r = -238, 0 = r + r - 8. Let z = 145 + a. Suppose -7*y + z*y = 2178. What is the hundreds digit of y?
1
Suppose -48*h = -1716457 + 151945. What is the ten thousands digit of h?
3
Let k(q) be the first derivative of -q**2 - 17*q - 9. Let r be k(-10). What is the units digit of 37 + -6 + r/(-1)?
8
Let c = -64957 + 91421. Suppose 0 = 14*b + 18*b - c. What is the hundreds digit of b?
8
What is the thousands digit of ((-1)/3)/((-30)/450) + 55685?
5
Let t be (0 + -5)*3*2/(-6). Let g be -4*t/10*2/(-2). What is the units digit of (-21)/g*(-4 - 0)?
2
Let d be ((-5)/(-10))/(3/(-66)). Let s(h) = 12*h - 220. Let t(a) = -4*a + 73. Let x(z) = d*t(z) - 4*s(z). What is the tens digit of x(0)?
7
Let y = 83 + -36. Let a = 45 - y. Let k(t) = -4*t**3 + t**2 + t. What is the units digit of k(a)?
4
Let a = 299 + -315. What is the units digit of 5013/36 + 4/a?
9
Let n = 12479 - 4491. What is the thousands digit of n?
7
Suppose 4*f + 2408 = -4*c, -3*f = -10 - 2. What is the tens digit of (6/(9 - 3) - c)*1?
0
Let w be 84/(-92) - (-12)/(-138). Let n(d) = 355*d**2 - 2*d - 3. What is the units digit of n(w)?
4
What is the thousands digit of (-3204300)/(-462) - ((-2)/7)/1?
6
What is the tens digit of (1/(6 - 3))/(4 + (-1883095)/470775)?
8
Suppose 4*r - 1588 = 2668. Suppose -r + 8 = -6*m. Suppose 10*n - 834 - m = 0. What is the hundreds digit of n?
1
Let s = -120 - -117. What is the tens digit of (-1)/(s + 5/(-380)*-226)?
3
Let f(q) = -3*q - 58. Let w be f(-20). Suppose -5*b + 815 = 3*c + w*c, 3*b = -5*c + 497. What is the hundreds digit of b?
1
Suppose -4*y + 3*q = 20033, 0 = -2*y + 2*q + 2615 - 12629. What is the tens digit of y/(-20) + -3*4/(-30)?
5
Suppose 0 = -4*o + 4*q + 48328, 144*o - 140*o + 5*q - 48373 = 0. What is the units digit of o?
7
Let o(t) = -3*t + 180. Let k(b) = 8*b - 14 - 8*b**2 + 8*b + 6*b**2. Let s be k(7). What is the hundreds digit of o(s)?
1
Let y(b) = 57897*b**3 - 3*b**2 + 95*b - 93. What is the tens digit of y(1)?
9
Let l(q) = 27*q - 134. Let r be l(7). Suppose 163 - r = 36*k. What is the units digit of k?
3
What is the thousands digit of 3209389/789 + 22/(-6)?
4
Suppose 42*m - 47*m + 26 = -u, m = -5*u. Suppose -5*q + 0*o + 3605 = m*o, -2171 = -3*q + o. What is the hundreds digit of q?
7
Let q be (-59)/(-3) - (-4)/(-6). Let l = 3029 + -2905. Suppose 5*b + q = l. What is the units digit of b?
1
Suppose -x - x + 5*g - 42 = 0, -x - 32 = 3*g. Let b(t) = 3*t**2 - 39*t + 3. Let d be b(15). Let u = x + d. What is the tens digit of u?
6
Let y(b) = 40*b**2 - 20. Let f be y(-5). Suppose f - 3535 = -7*n. What is the units digit of n?
5
What is the hundreds digit of 4/(-162 + 157 - (-29246)/5849)?
3
Suppose -4*b + y - 2*y - 3337 = 0, 2*y - 3322 = 4*b. Let f = b - -1214. What is the units digit of f?
1
Suppose 7*x - 221 - 66 = 0. Let s = x - 51. What is the tens digit of (8/s)/(2/(-190))?
7
Let q(j) = 101*j**2 + 140*j + 5. What is the units digit of q(-5)?
0
Suppose -5*j - 52 = 4*u, 0 = -2*u - j - 3*j - 32. Let r(s) = -3*s**3 - 23*s**2 + 9*s + 9. Let f be r(u). What is the tens digit of -4 + (1/f - -52)?
4
Let s(g) = 4*g - 146. Let p = -9 + 9. Let v be s(p). Let b = -95 - v. What is the units digit of b?
1
Suppose 110*p - 4871000 = -15*p. What is the tens digit of p?
6
Let h = -7 - -8. Let m(n) = -29*n**2 + 3. Let c(o) = -2*o - 2. Let y(i) = -c(i) - m(i). What is the tens digit of y(h)?
3
Let c = 328 + -710. Let w = c + 705. What is the hundreds digit of w?
3
Let c = -1217 - -1213. Let i be 6/21 + 5/7. What is the hundreds digit of ((-482)/c)/((i + 1)/4)?
2
Suppose -5*z + 20125 = 3*r, -2*z + 2*r - 127 = -8161. What is the thousands digit of z?
4
Suppose 5*y + 244156 = 15*y + 34*y. What is the hundreds digit of y?
5
Let l(a) = -2195*a + 3652. What is the ten thousands digit of l(-13)?
3
Let c(k) be the first derivative of -5*k + k**3 + 16 - 3/2*k**4 - 3/2*k**2. What is the hundreds digit of c(-3)?
1
Let j(r) = -395*r + 3093. What is the tens digit of j(-18)?
0
Suppose -h - 23 = n, -3*h = 3*n + 2*n + 123. Let a = -27 - n. What is the units digit of 8 - a - (-3)/1?
1
Let d be 15 + 1*6/(-2) - 3. Let o(w) = -24*w + 291. What is the tens digit of o(d)?
7
Suppose 1513 = 5*o - 12. Suppose 7*h = o + 311. What is the units digit of h?
8
Suppose 11*u - 24822 = -6265. What is the tens digit of u?
8
Let h = 98203 - 45489. What is the units digit of h?
4
Suppose 12 = j + 8. Suppose -13*n = -j*n + 54. Let u(g) = -g**3 - 4*g**2 + 7*g - 3. What is the units digit of u(n)?
7
Suppose 32592 + 4668 = 4*j + 4*v, 3*v - 18624 = -2*j. What is the hundreds digit of j?
3
Let c be (4/2)/(5/(90/12)). Suppose -b - c*b = -3*w - 3, 2*w = -2. Suppose -6*r + 13*r - 126 = b. What is the tens digit of r?
1
What is the thousands digit of 4/(-26) + (-250)/130*-1831?
3
Suppose -5*z - 30 = 0, -u + 2*z = -4*u + 4665. What is the thousands digit of u?
1
Suppose 4701 - 17710 = -4*a + 3*m, -3276 = -a - 4*m. Suppose 16*t - 20*t + a = 0. What is the hundreds digit of t?
8
Let j(i) = 2*i + 9. Let s be j(-3). Suppose -186 + 72 = s*z. Let t = z - -84. What is the tens digit of t?
4
Let y(j) be the first derivative of -119*j**2/2 - 89*j + 226. What is the units digit of y(-10)?
1
Suppose 2 = 6*w - 28. Suppose 4*c - 5*i + 4*i = 30, 10 = -w*i. Suppose 389 = c*d - 304. What is the tens digit of d?
9
Let d = -89 - -76. Let z(p) = 23*p - 22. Let i be z(8). Let w = i + d. What is the tens digit of w?
4
Let t(g) be the second derivative of g**3/3 + 21*g**2 + 7*g. Suppose 42 = 51*b - 49*b. What is the units digit of t(b)?
4
Let w(f) be the first derivative of -7*f**4/24 - 6*f**3 - 23*f**2/2 + 2. Let x(m) be the second derivative of w(m). What is the tens digit of x(-9)?
2
Let l(t) be the first derivative of 13*t**2 - 42*t + 308. Let c be (3*-3 + 2)/(-1). What is the tens digit of l(c)?
4
Suppose -11766 = -2*f + 5*r + 1850, -2*r = -f + 6810. What is the hundreds digit of f?
8
Suppose -1645*l + 1643*l + 14 = 0. What is the thousands digit of 4614*(-5 + l)/6?
1
Suppose -5*h + 30 - 750 = 0. Let z be (108/h)/((-2)/(-248) - 0). Let a = 3 - z. What is the units digit of a?
6
Suppose -37*l - 484 - 1181 = 0. Let h = l - -89. What is the tens digit of h?
4
Suppose 43*k - 69380 = 299130. What is the thousands digit of k?
8
Suppose 0 = -18*g + 35381 + 34657. What is the units digit of g?
1
Let b(r) = -